 9*m**3 + 2*m**2 + 8*m + 12. Let w be y(6). Let j = w - 1224. What is the tens digit of j?
5
Suppose 4 = -x + 3*x. Let t(g) = 45*g + 1. Let p be t(x). What is the units digit of (54/5)/(p/(-105) - -1)?
1
Let l = 34 - 18. Let z(c) = -18 + l*c - 25*c - 5*c. What is the units digit of z(-8)?
4
Suppose 3*o - 93 = -75. Let b = -455 + 770. Suppose 0 = o*s - 3*s - b. What is the tens digit of s?
0
Let u(f) = 193*f**2 + 185*f - 1261. What is the hundreds digit of u(7)?
4
What is the units digit of (6 + 630/27)*((-1859)/(-4) + 1)?
2
Let g(j) = -4*j**3 - 4*j**2 - 15*j - 38. Let o = -82 - -76. What is the tens digit of g(o)?
7
Suppose -5*p = 4*x - 11238, 11*x - p = 13*x - 5622. Suppose 3*o - l - 3527 = -2*o, -4*o = 4*l - x. What is the tens digit of o?
0
Suppose 89868 = -25*o + 391997 + 56196. What is the hundreds digit of o?
3
Let d be (-18)/(10 + -1) - -1*2. Suppose d = 5*t + 3*p - 700, -t - 3*p = -19 - 133. What is the hundreds digit of t?
1
Suppose -75 = 5*w - 30*w. What is the hundreds digit of 113/3*w - -9?
1
Let t be (64/(-80))/(2/(-95)). Let i = t - 20. What is the units digit of (-392)/(-6) - (-12)/i?
6
Let r(m) = -9*m + 33. Let q(c) = -2*c**2 - 6*c + 8. Let h be q(-4). Suppose 13*u + 29 + 101 = h. What is the tens digit of r(u)?
2
Let z(m) = -m**3 + 7*m**2 - 5*m + 23. Let v be z(7). Let b be (-4)/(-72)*3 + (-12838)/v. Suppose 86 = -12*f + b. What is the units digit of f?
2
Let f = 219 - 154. Let d = 541 + f. What is the tens digit of d?
0
Let l be 3608/((-165)/15)*-3*1. Suppose 4*h - l = -3*a + 2418, -3*h + 4*a = -2564. What is the hundreds digit of h?
8
Let g = 3780 - -32537. What is the units digit of g?
7
Let u be 3/((-18)/(-4) - 3). Suppose -3*r + 203 = 2*r + 2*m, -u*r - 4*m = -94. What is the units digit of (r - -1) + (0 - 2)?
8
Let y(j) = 59*j**2 + 34*j + 23. Let k be y(7). What is the hundreds digit of (k/40)/(-2 - 36/(-15))?
1
Let v = 46210 - 21000. Suppose 0 = -28*s + 1334 + v. What is the tens digit of s?
4
Let k(r) = 45*r**3 - r**2 - 6*r - 10. Let z be k(-2). Let x = -77 - z. What is the units digit of x?
5
Suppose -5*j + 24 - 6 = 4*c, 2*c = 2*j. Suppose 0 = j*i + 1 + 3. What is the tens digit of (-266)/(-27)*15 - i/9?
4
Let n = -1974 + 2567. What is the units digit of n?
3
Let t be (-42)/28*8/(-6) + -3. Let z(u) = -243*u**3 + 2*u**2 + 3*u + 1. What is the units digit of z(t)?
3
Let s(x) be the first derivative of -2*x**3 + 13 + 1/2*x**4 + 9*x - x**2. What is the tens digit of s(5)?
9
Suppose 0 = -565*v + 582*v - 215169. What is the thousands digit of v?
2
Let w(d) be the first derivative of d - d**3 - d**2 + 5*d**3 - 103 + 106. What is the tens digit of w(1)?
1
Let j = -1453 - -7313. What is the tens digit of j?
6
Let z(p) = 9*p**2 + 128*p - 206. What is the tens digit of z(-19)?
1
Let h = -118 + 2596. What is the tens digit of h?
7
Suppose 3*o - 1282 = -y, 16*y + 2*o = 13*y + 3846. What is the tens digit of y?
8
Let p(h) = 2*h**3 + 7*h**2 - 7*h - 4. Let j = -197 + 202. What is the tens digit of p(j)?
8
Suppose 45*d - 43*d + 4*f - 148900 = 0, -5*f = 3*d - 223354. What is the tens digit of d?
5
Suppose -2448*p + 2431*p + 294220 = 13057. What is the hundreds digit of p?
5
Suppose 6*w - 24978 = -4098. Suppose 11*n - 9046 = -w. What is the units digit of n?
6
Let j = -3848 + 10608. What is the thousands digit of j?
6
Let j(o) = 0 + 7 - 1 - 5*o - 2. Let f be j(4). Let t = 6 - f. What is the units digit of t?
2
Suppose 16*m - 264848 + 4160 = 0. What is the thousands digit of m?
6
Suppose -79 = -19*l + 16. Suppose -4*m - l*q + 645 = -562, -m = 4*q - 288. What is the hundreds digit of m?
3
Let d(h) = h**3 - 6*h**2 + 9*h - 2. Let n be d(4). Suppose -f - 61 = -5*l, 0*f + 166 = -n*f - l. Let g = 251 + f. What is the units digit of g?
0
Suppose 26*z - 10*z = 10*z. What is the units digit of (14 + z - -8)*16?
2
Suppose -25035 = 82*p - 97*p. Suppose 3*o - u - p = o, 5*u = -o + 862. What is the units digit of o?
7
Let q(r) = -2*r**3 - 92*r**2 + 76*r - 387. What is the hundreds digit of q(-47)?
4
Suppose 134*f - 101*f = 481569. What is the tens digit of f?
9
Suppose 90*m - 95*m = -145. Suppose -m*r + 4764 = -17*r. What is the tens digit of r?
9
Let i(m) = -m**3 - 14*m**2 - 5*m - 12. Let r be i(-12). What is the hundreds digit of r/18*192/(-20)?
1
Suppose i + 4*n - 6 = -0, -24 = -4*i + 5*n. Let m = -24 - -49. What is the tens digit of ((-38025)/(-54))/m - 1/i?
2
Suppose -13*x - 22121 = -15*x + w, 0 = 4*x + 10*w - 44158. What is the ten thousands digit of x?
1
Let f = 42329 + 3678. What is the units digit of f?
7
Suppose -5*j = 2*p - 15625, 6*j - 3*p = j + 15625. Let q = j + -1480. What is the units digit of q?
5
Let g = 619 + 4584. What is the hundreds digit of g?
2
Let t(l) = -346*l + 1347. What is the thousands digit of t(-14)?
6
Suppose -57 = -5*i - 12. Suppose x - 12*t = -i*t + 176, 664 = 4*x - 4*t. What is the hundreds digit of x?
1
Suppose -9*w = -29*w - 46640. Let f = w + 3532. What is the units digit of f?
0
Let h = -6999 + 10899. What is the thousands digit of h?
3
Suppose -29*u + 99728 = -70601 - 135766. What is the tens digit of u?
5
Let u(i) be the first derivative of -5*i**2 + 8*i - 29. Let v be u(-13). Suppose 0 = 4*q - v - 62. What is the units digit of q?
0
Suppose 7*x = 8*x - 117. Suppose -3*m + 30 + x = 5*o, m - 2*o - 60 = 0. What is the tens digit of 1*(8/4)/2*m?
5
What is the tens digit of (46295895/(-253))/(-15) + 2/(-11)?
9
Let l(u) = 153*u + 79. Let s be l(-8). Let t = s - -1859. What is the tens digit of t?
1
Let p(k) = 5*k - 18 - 25*k**2 + 8 + 27*k**2. Let f be p(-5). Suppose -3*o = -q - 61 + f, -o + q + 16 = 0. What is the tens digit of o?
1
Let i = 223 + -233. What is the units digit of -4*1355/i - 5?
7
Let d(p) = 71*p**3 - p - 1. Let h be d(2). Suppose -h = -5*o - n - 2*n, -2*n = -10. Suppose 113 = c - 3*z, -o = -3*c + 2*z + 243. What is the tens digit of c?
1
Let w = -68 + 68. Suppose 28*o - 30*o - 10 = w. What is the units digit of (4/o)/(7/(-1050))?
0
Let m(o) be the first derivative of 34*o**3/3 + 2*o**2 - 5*o + 75. What is the hundreds digit of m(-4)?
5
Let k(w) = -2*w**3 + 6*w**2 - 6*w + 12. Let z be k(6). Let b = z + 436. What is the tens digit of b?
9
Let u(x) = -x**3 - 10*x**2 + 3*x + 15. Let g be u(-10). Let h be 1472/6 + (65/g - -3). Suppose 10*d - 756 - h = 0. What is the units digit of d?
0
Let g(m) be the second derivative of 73*m**4/6 + 14*m**3/3 - 29*m**2 - 7*m + 3. What is the hundreds digit of g(2)?
5
Suppose 30*c - 28*c = -5*f + 129018, 0 = 3*c + 4*f - 193534. What is the ten thousands digit of c?
6
Let x(h) = -1767*h + 60. Let g be x(-2). Let b = g - 2219. What is the hundreds digit of b?
3
Let f = -67604 - -129529. What is the units digit of f?
5
Suppose 5 = -c - t, 3*c + 2 = -t - 3. Suppose 4*j - w - 29 = 0, -3*w + 2 - 5 = c. Suppose 3*x + 0*d = 2*d + j, 3*d - 2 = 2*x. What is the units digit of x?
5
Let l(p) = -3*p**3 - 84*p**2 - 74*p + 50. What is the thousands digit of l(-31)?
0
Let f(n) = 5*n - 33*n**3 - 4*n + 2 - 43*n**3. Let z be (-6)/27 + (-28)/36. What is the units digit of f(z)?
7
Let d = 17492 - -36903. What is the thousands digit of d?
4
Let z(v) = 2*v - 16. Let g be z(12). Suppose 0 = -g*j - 33 + 217. Suppose 349 = 4*o - j. What is the units digit of o?
3
Let l = -48 + 40. Let p = -24 - l. Let n(g) = g**3 + 18*g**2 + 23*g - 7. What is the hundreds digit of n(p)?
1
Let d(h) = 11*h**2 - 46*h + 2436. What is the units digit of d(79)?
3
Suppose -419 + 2223 = 4*k. Let a = 963 + k. What is the units digit of a?
4
Let l(m) = -1678*m + 1491. What is the ten thousands digit of l(-8)?
1
Let z(f) = 31*f**2 - 2*f - 16. Let c be z(-4). Suppose -9*h = -205 - c. What is the units digit of h?
7
Let m(h) = 33*h + 4. Let k be m(6). Suppose -16 = 3962*j - 3966*j. Suppose -4*v = -v - j*o - k, -10 = -5*o. What is the tens digit of v?
7
Suppose 43670 = 7*t - 6380. What is the hundreds digit of t?
1
Let r = -10903 + 33815. What is the units digit of r?
2
Suppose -217*v - 576306 + 3169022 = 0. What is the hundreds digit of v?
9
Let u(x) = -58*x - 11. Let w be u(11). Let p = w + 389. What is the tens digit of (p/(-15) - -3) + (-2)/6?
2
Suppose 3034 = -21*i + 13744. Suppose z - i = -4*z. What is the units digit of z?
2
Let j(z) = -z**3 + 8*z**2 - 2*z + 21. Let l be j(8). Suppose -3*x + 1285 = 3*f - 350, -l*x 